?
True
Is 11327594 a multiple of 6?
False
Is 568418016 a multiple of 21?
False
Is 1382545636 a multiple of 9759?
False
Is 384 a factor of 34008334?
False
Is 1004957325 a multiple of 15?
True
Is 1284130260 a multiple of 294?
True
Does 4020 divide 156780?
True
Is 205 a factor of 343341790?
True
Is 290 a factor of 8580810?
True
Is 4 a factor of 19412339?
False
Is 950817712 a multiple of 592?
True
Is 146 a factor of 66046312?
True
Does 1590 divide 21267840?
True
Does 52 divide 196527?
False
Is 340968990 a multiple of 1226?
True
Does 11 divide 14064578?
True
Is 472110 a multiple of 5?
True
Does 8 divide 3053575?
False
Is 48665847 a multiple of 13?
False
Does 134 divide 1548198624?
False
Is 2222 a factor of 661433?
False
Is 4214381998 a multiple of 1297?
False
Is 4 a factor of 355383316?
True
Is 89196265 a multiple of 1364?
False
Does 2 divide 135150?
True
Is 38482691 a multiple of 13?
True
Does 184 divide 47507837?
False
Is 2320105088 a multiple of 19?
False
Does 11 divide 7770389?
True
Does 506 divide 1751791372?
False
Does 138 divide 830927946?
True
Is 95686767 a multiple of 317?
True
Is 205 a factor of 425371310?
True
Is 43170582 a multiple of 91?
True
Is 31841994 a multiple of 41?
True
Is 660014239 a multiple of 9?
False
Is 10 a factor of 25335699?
False
Is 9978817 a multiple of 2?
False
Does 87 divide 77420053?
False
Is 1922333 a multiple of 7?
True
Is 37281190 a multiple of 1390?
True
Does 3 divide 3831559?
False
Does 171 divide 122641746?
False
Is 71721866 a multiple of 21?
False
Is 155289430 a multiple of 699?
False
Is 48743581 a multiple of 5?
False
Does 59 divide 303563673?
True
Is 244 a factor of 172383560?
True
Is 7408995 a multiple of 146?
False
Is 195685639 a multiple of 39?
False
Is 1513963741 a multiple of 41?
False
Is 128825404 a multiple of 6?
False
Does 650 divide 509621997?
False
Is 840 a factor of 1340954160?
True
Does 172 divide 5308423?
False
Is 206 a factor of 1057319102?
True
Is 146912966 a multiple of 2657?
False
Does 122 divide 157594598?
True
Does 5 divide 25391559?
False
Does 202 divide 52278022?
False
Is 485533939 a multiple of 645?
False
Does 27 divide 981432677?
False
Is 909685728 a multiple of 32?
True
Does 657 divide 335452050?
False
Is 1586 a factor of 67909348?
True
Is 24477603 a multiple of 34?
False
Is 8 a factor of 48852088?
True
Does 49 divide 504938238?
True
Is 14 a factor of 4751955754?
True
Is 280061841 a multiple of 17?
False
Is 2757 a factor of 161411322?
True
Is 3696 a factor of 1477294896?
True
Does 60 divide 241689042?
False
Is 600989812 a multiple of 109?
True
Is 44 a factor of 22504460?
True
Is 12 a factor of 6737607612?
True
Is 2165 a factor of 36695805?
False
Does 13 divide 14624359?
False
Does 475 divide 50744843?
False
Does 3236 divide 41371274?
False
Does 127 divide 158691707?
True
Is 5599295030 a multiple of 115?
True
Is 67 a factor of 384725481?
False
Is 741285155 a multiple of 4126?
False
Is 129099778 a multiple of 3?
False
Is 16 a factor of 449458263?
False
Does 20 divide 202420?
True
Does 2127 divide 5115435?
True
Is 3406706900 a multiple of 50?
True
Is 560 a factor of 13935130?
False
Is 128427992 a multiple of 7?
True
Does 149 divide 192145934?
False
Is 264019243 a multiple of 5021?
True
Does 276 divide 322901232?
True
Does 63 divide 30594105?
False
Does 556 divide 189781148?
True
Does 2026 divide 47254424?
True
Does 14 divide 466334313?
False
Is 1665 a factor of 57633975?
True
Is 2538365 a multiple of 5?
True
Is 260150207 a multiple of 75?
False
Is 87 a factor of 116159007?
True
Is 426 a factor of 25674350?
False
Does 51 divide 1708463127?
True
Is 2143 a factor of 2317652357?
True
Is 159 a factor of 712719090?
True
Is 2618921052 a multiple of 4581?
True
Is 248 a factor of 3351224?
True
Is 77 a factor of 8689989?
True
Is 30 a factor of 79145424?
False
Is 9572618 a multiple of 11?
True
Is 19992609 a multiple of 351?
True
Is 742 a factor of 1170768787?
False
Is 30510194 a multiple of 214?
True
Is 32633415 a multiple of 235?
False
Does 2178 divide 29825532?
True
Is 263582484 a multiple of 374?
True
Does 42 divide 3625272?
True
Is 7336748 a multiple of 137?
False
Is 103155845 a multiple of 1313?
True
Is 10 a factor of 192947570?
True
Does 25 divide 85542722?
False
Is 1862 a factor of 2044019226?
False
Does 288 divide 38066227?
False
Is 2023527814 a multiple of 154?
True
Does 589 divide 48022937?
True
Is 497 a factor of 785936417?
True
Is 26 a factor of 42685430?
False
Is 20 a factor of 13052726?
False
Is 1760627862 a multiple of 321?
True
Is 72479264 a multiple of 52?
True
Does 11 divide 24115303?
False
Does 46 divide 5390521040?
True
Does 2075 divide 195552389?
False
Is 2641863436 a multiple of 102?
False
Is 196 a factor of 859227936?
True
Is 612 a factor of 3914934?
False
Is 19 a factor of 216175445?
True
Is 144 a factor of 68287824?
True
Does 2451 divide 1871777229?
True
Does 2 divide 76049209?
False
Does 610 divide 23427050?
True
Is 17655452 a multiple of 7?
False
Does 607 divide 109089293?
False
Is 45308132 a multiple of 454?
False
Is 73 a factor of 155150623?
True
Does 3382 divide 324489372?
True
Is 747 a factor of 11087721?
True
Is 7 a factor of 15963269?
True
Does 120 divide 12275929?
False
Is 21 a factor of 501819267?
False
Is 131 a factor of 5523030216?
True
Does 34 divide 111926164?
True
Is 139875373 a multiple of 27?
False
Is 2544571062 a multiple of 11?
True
Is 10 a factor of 790585810?
True
Is 679989267 a multiple of 303?
True
Is 6 a factor of 57765504?
True
Is 718 a factor of 99728087?
False
Does 26 divide 734532742?
False
Is 3220 a factor of 214126864?
False
Does 1210 divide 72119808?
False
Is 31467136 a multiple of 128?
True
Is 46 a factor of 239811754?
True
Is 1141344832 a multiple of 253?
False
Does 386 divide 135303865?
False
Does 1881 divide 27092998?
False
Is 93 a factor of 46109307?
True
Does 31 divide 230403568?
False
Is 10 a factor of 212098?
False
Is 30682384 a multiple of 16?
True
Does 8 divide 257687992?
True
Is 17223031 a multiple of 45?
False
Does 8 divide 288514849?
False
Is 13 a factor of 26613043?
False
Is 10 a factor of 7583426?
False
Is 13271613 a multiple of 118?
False
Is 62811392 a multiple of 16?
True
Is 21 a factor of 518124186?
False
Is 1844686 a multiple of 3?
False
Is 80 a factor of 154118676?
False
Is 2600051 a multiple of 8?
False
Is 1463116 a multiple of 215?
False
Does 89 divide 3126410868?
True
Is 158 a factor of 41322214?
True
Does 26 divide 4031528?
False
Does 21 divide 4118462501?
False
Is 280 a factor of 3314058160?
True
Does 18 divide 2292880644?
True
Is 500 a factor of 9878379?
False
Is 36202620 a multiple of 635?
True
Does 31 divide 26161306?
False
Is 1942 a factor of 1654372322?
True
Is 57087141 a multiple of 2?
False
Is 245144610 a multiple of 37?
True
Is 98 a factor of 1040921406?
True
Does 1935 divide 1058777820?
True
Is 5802412 a multiple of 44?
True
Is 4258 a factor of 197409396?
True
Is 1345065 a multiple of 2?
False
Does 14 divide 59021970?
True
Is 12 a factor of 14726187?
False
Is 37 a factor of 80988400?
False
Is 513118492 a multiple of 1750?
False
Is 58668279 a multiple of 902?
False
Does 26 divide 470781408?
False
Is 25 a factor of 2791407?
False
Is 19 a factor of 8023035?
True
Is 58 a factor of 205494754?
True
Does 389 divide 51715994?
True
Does 68 divide 1523203944?
True
Is 26291691 a multiple of 9?
True
Is 986 a factor of 2807439772?
True
Does 7 divide 65254434?
True
Does 456 divide 432017592?
True
Is 132247635 a multiple of 44?
False
Does 478 divide 79005274?
True
Is 21649981 a multiple of 13?
False
Is 1181431812 a multiple of 177?
True
Does 148 divide 263623372?
True
Is 168158126 a multiple of 98?
False
Does 1440 divide 505197836?
False
Is 9 a factor of 46508958?
True
Is 2511235 a multiple of 13?
False
Is 62517472 a multiple of 4?
True
Is 443922744 a multiple of 328?
True
Does 1353 divide 110853901?
False
Is 11533741 a multiple of 437?
True
Does 18 divide 176948780?
False
Does 39 divide 7058757?
False
Is 45 a factor of 37442810?
False
Is 245635225 a multiple of 1660?
False
Is 5016418386 a multiple of 14?
True
Is 1100 a factor of 1176158615?
False
Is 139 a factor of 45017735?
False
Does 16 divide 638618896?
True
Does 470 divide 141662079?
False
Does 17 divide 113093996?
True
Does 19 divide 343503367?
False
Is 106557469